c = i, -3*i + 31 = -3*c + 19. Suppose -13579 = -i*j + 190486. Is j prime?
True
Suppose 11*p - 14*p - 1543416 = -3*t, t + 5*p - 514478 = 0. Is t a composite number?
True
Let m = -29 - -133. Is 4617/13 + 3 + (-328)/m a prime number?
False
Let t(h) = -254*h**3 + 2*h**2 + h - 1. Let p(z) be the second derivative of z**5/20 + z**4/4 + z**3/6 + z**2 + 3*z. Let f be p(-3). Is t(f) a composite number?
True
Let s(a) = -34167*a + 10033. Is s(-8) prime?
True
Let t(n) be the first derivative of -6*n + 1/4*n**4 + 2*n**2 + 26 - 2/3*n**3. Is t(5) prime?
True
Suppose 3*p - 35*z + 30*z - 863537 = 0, 863551 = 3*p + 2*z. Is p a prime number?
True
Let w = 40146 + -2527. Is w a composite number?
False
Suppose 2426364 = 168*t - 1855788. Is t composite?
True
Let g(j) = 12*j**2 - 28*j - 326. Is g(-19) a prime number?
False
Let y(m) = -141*m**3 + 2*m**2 + 7*m + 9. Let j be y(-2). Let r = j + -626. Let v = r + -200. Is v prime?
False
Let a(v) = v + 5. Let b = 104 + -73. Let t = b - 13. Is a(t) a prime number?
True
Suppose y - 9 = m, 0 = -5*y + 69*m - 65*m + 49. Suppose y*c = 52298 + 61647. Is c prime?
False
Let m = 702857 + -124294. Is m a composite number?
False
Suppose -4*a = -4*g - 326452, -5*a + 408061 = 7*g - 10*g. Is a composite?
False
Is (-36)/8*1015596/(-162) composite?
False
Let p(n) = 479*n**2 - 15*n - 177. Is p(-7) a prime number?
True
Let g(p) be the third derivative of p**6/120 - 53*p**5/60 + 3*p**4 - 23*p**3/2 - 67*p**2 + 3. Is g(52) a prime number?
True
Let y(j) = 4*j - 108. Let w be y(27). Suppose 2*v - 13*v + 35453 = w. Is v prime?
False
Let y = -30 - -39. Is y + -5 + (-13095)/(-1) prime?
True
Let d = -12797 - -44352. Suppose 2*c - 12622 = j, 5*j - 6*j = -5*c + d. Is c prime?
True
Suppose 0 = -56*w - 2*w - 1952260 + 8855942. Is w a composite number?
True
Let d(h) = -h**3 - 5*h**2 - 2*h - 5. Let r be d(-5). Let z(s) = 74*s**2 + 15*s + 134. Let x be z(-6). Is x/r - (-3)/(-5) a prime number?
True
Let b = -55 + 9. Let d = 49 + b. Suppose 0 = 2*y - 2*h - 2948, 0 = 2*y - d*h - 0*h - 2945. Is y a prime number?
False
Let f = 26878 + -38379. Let l = -1779 - f. Is l a prime number?
False
Suppose 4*b = 3*q - 16, 13 = 2*q - 7*b + 2*b. Suppose 0*l = -q*l - 5*o - 22, -o + 4 = -2*l. Is 7851/6*l/(3/(-2)) a prime number?
True
Suppose 3*z - 4*g - g = 7163, 2389 = z - g. Suppose 0*q = -q + z. Is q composite?
True
Let v(w) = 4*w**2 + 8*w - 9. Let o be 4 + (-87)/6 - 1/(-2). Let i be v(o). Suppose -r + i + 262 = 0. Is r a prime number?
False
Let z(q) = 16*q + 47 - 6 - 19. Let k be z(5). Let g = k + -65. Is g prime?
True
Let c be 1/1*0/(-16). Let o(h) = h**3 - h. Let j be o(c). Suppose -3*n - 295 = -t, n + 610 = 2*t - j*n. Is t a prime number?
True
Let l(k) = -3*k**2 - k + 2. Let g be l(0). Let j(n) = 1062*n**3 - n**2 + 7*n - 3. Is j(g) composite?
True
Let c(w) = 12385*w**3 - 2*w**2 - 36*w + 116. Is c(3) prime?
False
Suppose -1450*q - u + 102404 = -1449*q, 3*q = -2*u + 307205. Is q prime?
True
Let l = -152 + 158. Let k be ((-2)/l)/((-2)/122454). Suppose -2*u + 3*r = -0*u - 13606, 0 = 3*u - 5*r - k. Is u a composite number?
False
Suppose 24*r - 24*r = 54*r - 5409126. Is r prime?
True
Let i = -14 - -74. Let d be 5*4/i*0. Suppose a + n - 29 = -d*n, 2*a - 3*n - 68 = 0. Is a a prime number?
True
Let j be 20 + -25 + (0 - (1 + -5)). Is 10903 + j + (-26 - -27) prime?
True
Let c be (-2)/10*-2*25. Suppose -21*b + 17*b + 28448 = 0. Suppose 2*l + b = c*l. Is l composite?
True
Let k = 6 - 2. Suppose 0 = -3*n - 3*z + k*z + 374, n - 120 = 5*z. Suppose -7*s + n = -2*s. Is s a composite number?
True
Let v be (-4)/(-10) + (-9118)/(-5). Let h = 17309 + -17305. Suppose 2*i - 5*d - 3641 = 0, -h*d + v = i - 3*d. Is i composite?
False
Let m(c) be the third derivative of 651*c**4/8 - 115*c**3/3 + 4*c**2 + 15*c. Is m(17) composite?
False
Suppose -10*u - 34759 = -181449. Let p = -10162 + u. Is p a prime number?
True
Let c(y) = y**2 - 7*y + 5. Let j be c(4). Let i(r) = -2549*r - 246. Is i(j) a prime number?
True
Let u(z) = 3289*z**2 + 123*z + 511. Is u(-4) prime?
False
Let x(b) = 3*b + 348 - 5*b + 750 + 448. Is x(0) composite?
True
Let m(y) = -12*y**3 - 12*y**2 - 15*y + 14. Let x be 2/((-84)/(-22) - 4) - -4. Is m(x) a prime number?
False
Suppose 2*d + 445862 = 4*r, 5*d + 9 = 24. Is r a composite number?
False
Let j = 257 + -265. Is (-17666)/j - (1 - (-63)/(-36)) composite?
True
Let q = 163 + 106. Suppose -q = -7*y + 6*y. Let d = 678 - y. Is d composite?
False
Let v = 46824 - 18493. Is v prime?
False
Let x(h) = -302*h + 27 + 46 + 83 + 19. Is x(-9) a prime number?
False
Suppose 0 = -3*t + 8*t - 3*m + 129816, -129822 = 5*t - m. Let z = t + 38113. Suppose 0*b = -4*c - 2*b + z, 4*c - b - 12148 = 0. Is c prime?
True
Let d(i) = 6*i + 28. Let k be d(-5). Let b be k/(-6) + 6297/9 - -3. Let r = b - 500. Is r a prime number?
False
Suppose -2 = -n, -4*h + 3*n = -1906 - 736. Is h prime?
False
Let o = -21439 + 45468. Is o a prime number?
True
Suppose -49*w + 17735611 = 8*w + 6704458. Is w prime?
False
Let t = -5933 + 14014. Is t composite?
False
Suppose 0 = -5*k - 2*c + 8040, 2*c - 1608 = -3*k + 2*k. Suppose b - k = 725. Is b prime?
True
Let w = -203 + 205. Suppose 4*z = -w*n + 42750, -5*z = 25*n - 26*n - 53434. Is z composite?
False
Suppose 5*g + 7 = -i, 3*i - 4 = -i - 4*g. Suppose -3*m + m - 3*d = -6160, -i*d = -5*m + 15421. Is m prime?
True
Let v be -15*5/(-5)*-1. Is -2 + 1721 - 5/(v/6) a composite number?
False
Let r = -100950 - -144431. Is r composite?
False
Let v be (-5)/(15/8868)*(-2 + 8). Let q = v - -35270. Suppose 20*p - q = 25806. Is p prime?
False
Let o(u) = -4*u**2 - 37*u - 9. Let h be o(-9). Suppose h = 18*f - 10754 - 71740. Is f a composite number?
False
Suppose 6*k = k - 4*f - 2447, 5*f = 2*k + 992. Let p = -1260 + 1034. Let b = p - k. Is b composite?
True
Suppose -z = 0, 4*z - 184 = -x - 0*x. Suppose w - 5*g = 66 + x, 4*w + g - 1042 = 0. Suppose 0 = 2*m - 1496 - w. Is m prime?
False
Let g be (-13)/4*-4 - 6. Suppose 2*x - 5*l = g*x - 8245, -8245 = -5*x + 3*l. Is x prime?
False
Is 528078/10 - 84/105 a prime number?
True
Suppose 0 = -16*l + 13*l + 2*q + 99021, -2*l + 5*q + 66003 = 0. Is l composite?
True
Suppose 3*o - 53 = 5*j, 5*j = 2*o + 3*j - 30. Let x(n) = n**3 - 10*n**2 - 10*n - 10. Let y be x(o). Is 765/3 + (y - -3) a prime number?
False
Let h = -29 - -48. Suppose 3*q + h = 5*v, -2*v + v = q + 1. Suppose -3*s + 494 = -0*s - 4*y, -5*s + 800 = -v*y. Is s composite?
True
Let k be (-1)/((-10)/(-28692))*40/(-6). Suppose 40*x + 7208 = k. Is x a composite number?
True
Suppose 8*g - 11*g - 5770 = -s, -5772 = -s + 2*g. Suppose -s - 16301 = -9*o. Is o a prime number?
False
Let u(h) = 7691*h - 1262. Is u(3) composite?
True
Suppose 2*q - 2 = -6, -3*j - q + 18412 = 0. Suppose 9*r = j + 7461. Is r prime?
True
Let q(v) = v**3 + 47*v**2 - 20*v + 29. Is q(30) a composite number?
False
Let k(m) = -438*m**3 - 3*m**2 + m + 4. Let n be k(-2). Let a = n - 639. Is a a prime number?
False
Let c(a) = -a**2 + 3*a + 991. Let j be (2 + -2)/(4*4/8). Is c(j) prime?
True
Let r be 1 - ((-961832)/18 + (-1)/(-9)). Suppose 10*p - 15634 = r. Is p composite?
False
Let x = -49 + 6. Let n = x + 45. Suppose -p - 1 = -0*p, -n*p = -g + 487. Is g a prime number?
False
Suppose 0 = 5*w + 5 - 20, 974257 = 5*g + 4*w. Is g prime?
False
Suppose 0 = 123*w - 6352748 - 1245823. Is w composite?
True
Suppose 5*d = -m, 0 = 2*m + 3*d - 5*d. Suppose 3*x = 3*t + 2*t - 3710, t + 4*x - 719 = m. Let j = t + 279. Is j a prime number?
False
Let a(f) = -4*f + 22. Let z be a(5). Suppose 2*p = 2*u + 29600, -12263 - 32122 = -3*p - z*u. Is p a prime number?
True
Is (216/720)/((-15)/(-70953650)) prime?
True
Suppose -3*g + 66 = 3*z, -g = 9 - 8. Is (-2133690)/(-230) - (-2)/z a prime number?
True
Let v(y) = y**2 + 179*y + 79457. Is v(0) a composite number?
True
Is (-1)/(8/(-12)*(-6)/(-240836)) a prime number?
True
Suppose 2*w = -5*f + 7 - 13, -5*f = 10. Suppose -w*x - 10 = -g, -g - g = -x - 8. Is ((255 - 4) + x - 1) + 1 a prime number?
False
Let v be (-2 - 40/(-15))/((-2)/(-15)). Suppose -5*k + 14650 = 3*a, v*k + 0*k - 14615 = 4*a. Is k a composite number?
False
Let q = 4575 + 4424. Is q prime?
True
Let k(i) = 221850*i**3 + i**2 - 16*i + 14. Is k(1) a prime number?
True
Suppose -4*v + 94181 = w, -4*w - w = -2*v + 47063. Let y = -8063 + v. Is y composite?
True
L